x - 13. Let a(l) = 5*l**3 + 40*l**2 + 35*l + 51. Let f(n) = -2*a(n) - 9*r(n). What is the hundreds digit of f(9)?
1
What is the units digit of -1 - -542 - (0 - -9)?
2
Suppose 8*j = 4*j + 4. Let z(g) = 154*g**3 - 2*g**2 + 1. What is the tens digit of z(j)?
5
Let z(h) = -3 - 7*h**2 - h + 8*h**2 + 6*h. Let x be z(-4). What is the tens digit of 20 + x/(7/(-2))?
2
Let p(x) = x**3 + 2*x**2 - 21*x. What is the tens digit of p(-5)?
3
Suppose -4 = -4*o - 144. Let t = -26 - o. What is the units digit of t?
9
Let f = 1715 + -1116. What is the hundreds digit of f?
5
Suppose 5*r + 315 + 410 = -2*l, 4*l = 0. Let o = -82 - r. What is the units digit of o?
3
Suppose 0 = -2*y - 3*y + 10. Suppose 0*j + 144 = y*j. What is the units digit of j/45 - 2/(-5)?
2
Let b(k) = -k + 26. Let q be b(27). What is the units digit of 14 + -13 - (q + -158)?
0
Let a(s) = -59*s - 8. Let v be a(-5). Let f = v - 200. What is the tens digit of f?
8
Let a(f) = -3 + 3*f - 2*f + 11*f. Let q be a(7). Suppose q = x + 2*x. What is the units digit of x?
7
Let x(v) = 3*v. Suppose -2*p = -0*p. Suppose 2*u - 4 - 8 = p. What is the tens digit of x(u)?
1
What is the hundreds digit of 16/((-546)/138 - -4)?
3
Suppose a - 17 = 3*q - 8, 0 = -2*a - 2*q + 10. What is the units digit of 225/a*4/6?
5
What is the tens digit of 1382*(10/(-20))/(1*-1)?
9
Suppose -4*w + 108 = k, -2*w + 313 = 3*k - w. Suppose 0 = -3*z - z - 12, -2*p = -4*z - k. Suppose p = 3*x - x. What is the tens digit of x?
2
Let h = 4395 + 1320. What is the thousands digit of h?
5
Suppose -2*t = 124 + 74. Let m = 47 - t. What is the units digit of m?
6
Let k = 348 + -212. What is the hundreds digit of k?
1
Let j be ((-16)/10)/(16/(-40)). What is the units digit of (21/(-6))/((-1)/j)?
4
Suppose -o + 449 = -3*r, 4*r = -5*o + 748 + 1459. Let j = o + -232. What is the tens digit of j?
1
Let w(r) be the first derivative of 3*r**2 + 3*r - 44. Let c(k) = k**3 + 5*k**2 + 4*k + 1. Let z be c(-3). What is the tens digit of w(z)?
4
Let h = -369 + 737. What is the tens digit of h?
6
Suppose 5 - 7 = -g. Let j(n) = 5 + 3*n - n + g - 4*n. What is the tens digit of j(-14)?
3
Let o(t) = 5*t**2 - 2*t + 13. Let r(i) = 21*i**2 - 9*i + 52. Let s(j) = 9*o(j) - 2*r(j). What is the units digit of s(6)?
1
Suppose -2728 = -2*d + 5*s, 0 = -3*d + 3*s + 3957 + 153. What is the tens digit of d?
7
Suppose -b - 26*f = -24*f - 2333, 0 = -2*b - 3*f + 4671. What is the thousands digit of b?
2
Suppose 1900 = 10*p - 1930. Let l = p + -119. What is the hundreds digit of l?
2
What is the tens digit of (58/6)/((-45)/(-270))?
5
Let w = -6 - -3. Let q be ((-2)/(-7))/(w/(-777)). Suppose -5*o = -q + 14. What is the units digit of o?
2
Let y(l) = -1. Let r(h) = -h**2 + 5*h + 2. Let u(o) = -r(o) - 3*y(o). Let j be u(5). What is the units digit of (j - -14)*(2 - -1)?
5
Let b(w) be the second derivative of -w**5/4 + w**4/8 - 3*w**3/2 - 8*w. Let s(x) be the second derivative of b(x). What is the units digit of s(-2)?
3
Let l(b) = 2*b**2 - 8*b - 14. What is the tens digit of l(-5)?
7
Let h be (0 + 3 + -5)/(-1). Suppose -h*s = -2*p - 24, 2*p + 2*p + 20 = 2*s. What is the units digit of s?
4
Let f be 16/(-24)*30/(-4). Suppose -f*x + 34 = 24. Suppose 75 = x*r - 3*d, 2*r + 2*d - 71 = d. What is the tens digit of r?
3
What is the hundreds digit of 0 + (2 - 1) + -5 + 147?
1
Let x = 5019 - 3376. What is the tens digit of x?
4
Suppose 2*c - 2 = 0, -2*d - 4*c + 104 = 4. Let i be 3 + 19 + (0/(-1) - 1). Suppose -4*s + 2*k = -5*s + i, 2*s + k - d = 0. What is the tens digit of s?
2
Let d(b) = b**2 - 7*b - 1. Let a be d(10). Let f = 4 - 4. What is the tens digit of 3 + (a - -1) + f?
3
Suppose x + 3*z = -3*x + 533, -5*z = 25. Suppose -3*k + 2*y - 275 = -0*y, -182 = 2*k - y. Let c = k + x. What is the units digit of c?
8
Suppose 11*b = -5*a + 8*b + 3744, 2*a - 1494 = -3*b. What is the hundreds digit of a?
7
Let u = 24 - 1. Let b = -18 + u. Suppose 117 = b*r + t, -4*r = -t - 28 - 71. What is the units digit of r?
4
What is the units digit of 69/345 - (-4588)/10?
9
Let t(s) be the first derivative of -s**3/3 - 19*s**2/2 + 9*s + 13. What is the units digit of t(-19)?
9
Suppose -5*j + 1815 + 2410 = 0. What is the hundreds digit of j?
8
Let z(w) = 0*w**2 - 3 + 2 + 8*w - 8 + w**2. What is the tens digit of z(-10)?
1
Suppose -617*m + 71817 = -580*m. What is the hundreds digit of m?
9
Let p(i) = 3*i - 15 - i**2 + 11 + 5. Let b be p(3). What is the units digit of b + -3 - (0 + -10)?
8
Suppose -3*y + b = -8, 5*b - 44 = -4*y - 8. What is the units digit of (-3)/(6/y)*(-475)/50?
9
Suppose -2*g - 25 + 1 = 0. Let x = 12 + g. Suppose -m + 15 + 1 = x. What is the tens digit of m?
1
Suppose 0 = 4*j - 2*c - 2*c - 256, -8 = 2*c. Let r be (2 - 2) + j/(-5). What is the units digit of (-2)/(-3) - 124/r?
1
Let d = 1467 + -1347. What is the units digit of d?
0
Suppose 2*c + 0*c = 2*x + 640, 4*c - 2*x - 1286 = 0. Suppose l - 76 = 2*a - c, 128 = a + l. What is the hundreds digit of a?
1
Let c = 15 - 6. Let a be 0 + c/(27/6). Suppose 0 = -a*y + 43 - 13. What is the units digit of y?
5
Suppose 17*n = -16*n + 55836. What is the hundreds digit of n?
6
Suppose -9549 = -6*u + 69*y - 72*y, 5*u + 2*y = 7957. What is the hundreds digit of u?
5
Let h(y) = -y**3 + 8*y**2 - 8*y + 1. Let s be h(6). Suppose a - s = 1. What is the units digit of a?
6
Let p = -33 - -126. Suppose 2*j - 21 - 9 = -m, 4*m = j + p. What is the units digit of m?
4
Let m be (6/4)/(15/800). Suppose -s - 4*s = -m. Suppose y + 7 = v + v, s = v + 2*y. What is the units digit of v?
6
Suppose l - 227 = s, -5*s + 0*s = 4*l - 890. What is the hundreds digit of l?
2
Suppose 6*c - 5*c + z - 235 = 0, 700 = 3*c + 2*z. What is the tens digit of c/3 - -1*2/(-3)?
7
Let g = 858 + 1510. What is the units digit of g?
8
Let l(x) = -5*x + 25. Let d be l(5). Suppose -4*c - 2*m + 566 = 0, d = -c - m + 69 + 70. What is the units digit of c?
4
Let c(h) = -4*h. Let q be c(-2). Let f(y) = 1 - 3*y + 11 + 5*y + 4*y - 7*y. What is the units digit of f(q)?
4
Let v be (1/3)/(2/318). Suppose 59 = -4*i + n, n + v = -4*i - 0*n. What is the units digit of 2/(-4)*1*i?
7
Suppose 9*z - 4445 = -1511. What is the hundreds digit of z?
3
Let v(x) = x**3 + 8*x**2 + 2*x + 1. Let m be v(-8). Let h = -33 - m. What is the tens digit of (50/(-20))/(1/h)?
4
Let s(l) = 19*l + 3. Let v be s(1). Let o = v - -32. What is the units digit of o?
4
Let l be (-253)/2 - (-3)/(-2). Let r = -49 - l. What is the units digit of r?
9
Let h(q) = q**3 - 3*q**2 - 2*q - 3. Let y be h(-2). Let j = 16 + y. Let f = j - -10. What is the units digit of f?
7
Let o(r) be the first derivative of -4*r**4 + 5*r**2/2 + 2*r + 3. Let q be o(-2). Suppose 4*x - 4*c - q = 0, x - 5*c = -3*x + 115. What is the tens digit of x?
3
Let x(d) = -18*d + 307. What is the units digit of x(-30)?
7
Let q(g) = -548*g + 14. Let b be q(2). What is the units digit of b/(-9) + (5 - (-282)/(-54))?
0
What is the hundreds digit of -3*(-1 - 12/18) - -480?
4
Let r(u) = 2*u - 7. Let i be (-2)/(-6) - 88/(-6). Suppose -5*o + 15 = -i. What is the units digit of r(o)?
5
Let h(y) = 4*y - 5. Let g be h(4). Let m = g + 23. Let n = m + -20. What is the tens digit of n?
1
Suppose 3*x - 136 = -130. Let z be (-8)/(-6) - 2/(-3). Suppose -z*v - 3*k + 76 = -5*k, -4*v = x*k - 134. What is the tens digit of v?
3
Let p = -8 + 10. What is the tens digit of 2/((20/85)/p)?
1
Let x be 31/((-42)/15 + 3). Let i = x - 260. What is the units digit of (12/10)/((-14)/i)?
9
Suppose 9*d - 8*d = 4. Suppose -2*x = k + 8, k = d*x - 1 - 13. What is the units digit of (-12)/k*10/4?
3
Suppose -i - 15286 = -10*c + 5*c, 5*c + 3*i - 15302 = 0. What is the tens digit of c?
5
Let w(o) = 6 - 13*o + o**3 + 2*o + o**2 + 4*o**2 + 5*o. Let c be w(-6). Suppose 85 + 11 = c*j. What is the units digit of j?
6
Suppose 3*s - 31 = -4*g, g - 28 = -4*s - g. Suppose 93 = -4*p + s*p. What is the tens digit of p?
9
Suppose -8*f + 13*f = -2265. Let l = -215 - f. What is the hundreds digit of l?
2
Let b(c) = 35*c - 17. What is the units digit of b(30)?
3
Let y = -2 - 2. Let j = y + -2. Let b(o) = -4*o - 7. What is the units digit of b(j)?
7
Let v(f) = -36*f**3 + 3*f**2 - 5. Let u be v(-4). Suppose -12*s + u = -701. What is the hundreds digit of s?
2
Suppose -1298 + 6593 = 5*d - 5*n, d + 3*n = 1043. What is the units digit 